tor of 2874 and 409280592.
2874
What is the highest common divisor of 580 and 90700?
20
Calculate the greatest common divisor of 3128832 and 819.
63
What is the greatest common factor of 30299 and 4997857?
739
What is the greatest common factor of 14352 and 25351152?
1104
What is the highest common factor of 220 and 19074980?
20
Calculate the greatest common divisor of 303778 and 149622.
4534
Calculate the highest common divisor of 460 and 11229336.
92
Calculate the highest common factor of 39420 and 2055972.
876
What is the highest common divisor of 119450 and 490?
10
What is the greatest common factor of 707 and 251028127?
707
What is the highest common divisor of 256 and 4329792?
64
What is the greatest common divisor of 1389934 and 13?
13
What is the highest common factor of 1737236 and 1012?
92
Calculate the greatest common divisor of 6753 and 19619716.
2251
What is the greatest common divisor of 8990485 and 6405?
2135
What is the highest common factor of 180886 and 1137518?
1214
Calculate the greatest common factor of 2421 and 6956340.
807
What is the highest common divisor of 1548 and 121428?
36
What is the greatest common divisor of 515920990 and 8255?
8255
What is the highest common factor of 114644 and 24?
4
Calculate the greatest common factor of 2363552 and 555472.
3728
Calculate the highest common factor of 16923280 and 480.
80
What is the greatest common factor of 409021606 and 28?
14
What is the highest common divisor of 108840 and 210135?
15
Calculate the greatest common factor of 1266876 and 63102.
78
Calculate the highest common factor of 67122 and 32778.
54
Calculate the greatest common divisor of 149404990 and 245.
35
Calculate the greatest common factor of 24174027 and 52452.
423
Calculate the highest common divisor of 240 and 8553060.
60
What is the highest common divisor of 470727 and 618693?
813
Calculate the highest common factor of 40813612 and 81844.
2212
What is the greatest common divisor of 22207270 and 5610?
170
What is the highest common factor of 177 and 583746?
177
Calculate the greatest common factor of 56 and 681410632.
56
What is the greatest common divisor of 35127050 and 75?
25
Calculate the greatest common divisor of 156457 and 327437.
103
Calculate the highest common divisor of 577488 and 560.
16
Calculate the greatest common divisor of 469980 and 77385.
105
What is the greatest common factor of 651726 and 38442?
894
What is the greatest common divisor of 36816254 and 102?
34
What is the greatest common factor of 54520 and 208520?
40
What is the greatest common factor of 19 and 416271551?
19
Calculate the greatest common factor of 930488 and 463688.
3112
Calculate the highest common divisor of 53730 and 378498.
1194
What is the greatest common divisor of 9949959 and 1620?
81
Calculate the greatest common factor of 1822 and 136867729.
911
What is the highest common divisor of 345499 and 87857?
539
Calculate the greatest common factor of 298496 and 7150.
22
What is the highest common divisor of 5855617 and 1167?
389
What is the highest common factor of 3660 and 60108?
12
Calculate the greatest common divisor of 4641401 and 9.
1
What is the highest common factor of 1572745 and 55?
5
What is the highest common divisor of 101711 and 31399?
17
What is the highest common divisor of 67514360 and 344?
8
Calculate the highest common factor of 4110730 and 1030.
1030
Calculate the highest common divisor of 14058 and 22502304.
198
Calculate the highest common factor of 15252 and 823222887.
3813
What is the highest common divisor of 2419 and 26855?
41
Calculate the greatest common divisor of 2440515 and 3675.
105
What is the greatest common factor of 1381 and 35589751?
1381
Calculate the highest common divisor of 19400 and 957200.
200
What is the highest common divisor of 253 and 3077423?
23
What is the greatest common factor of 724 and 148548?
4
Calculate the greatest common factor of 1710633 and 6021.
669
Calculate the greatest common divisor of 25 and 2132425.
25
What is the greatest common divisor of 2478678 and 18?
6
Calculate the greatest common divisor of 2302310 and 313055.
2465
What is the greatest common factor of 49457 and 262086?
361
What is the greatest common factor of 4684083 and 17?
1
What is the highest common factor of 4657893 and 89059?
1073
Calculate the highest common factor of 349483120 and 320.
80
What is the highest common divisor of 83 and 35281059?
83
Calculate the highest common factor of 7185515 and 5719.
817
Calculate the greatest common factor of 13770 and 34050.
30
Calculate the greatest common divisor of 180957 and 4021479.
147
Calculate the greatest common factor of 45258 and 2679.
57
Calculate the greatest common factor of 8369376 and 312.
24
What is the greatest common factor of 4 and 1064099?
1
Calculate the greatest common divisor of 9429 and 1038013017.
1347
What is the highest common divisor of 429 and 22891?
11
What is the greatest common divisor of 147172617 and 774?
387
What is the highest common divisor of 667719 and 99?
9
Calculate the highest common divisor of 6542746 and 1602.
178
Calculate the greatest common divisor of 11186 and 1431489199.
5593
What is the highest common factor of 1760 and 1310990?
10
Calculate the greatest common factor of 18 and 202150062.
18
What is the highest common divisor of 748 and 754747334?
374
Calculate the greatest common factor of 56922 and 18428766.
1074
Calculate the greatest common factor of 47802 and 1517842.
514
What is the greatest common divisor of 9618993 and 2349?
81
Calculate the highest common divisor of 1702 and 6848071.
37
Calculate the highest common divisor of 31616 and 345142144.
2432
Calculate the greatest common factor of 161 and 76238123.
23
What is the greatest common divisor of 1085 and 21279671?
217
What is the greatest common divisor of 19715629 and 43?
43
Calculate the greatest common factor of 5457 and 6362220.
321
What is the highest common factor of 43877844 and 900?
36
Calculate the greatest common divisor of 193246 and 23.
23
What is the greatest common divisor of 40055903 and 713?
23
What is the greatest common factor of 223965 and 1181565?
315
Calculate the highest common factor of 673 and 3104549673.
673
What is the highest common divisor of 204 and 744808539?
51
What is the greatest common factor of 804800 and 405418?
1006
What is the highest common divisor of 123096454 and 556?
278
Calculate the greatest common divisor of 9400 and 17548296.
376
Calculate the highest common factor of 7882237 and 748.
187
Calculate the highest common divisor of 9855 and 2964165.
1095
Calculate the greatest common factor of 6611 and 141097.
11
Calculate the greatest common factor of 864 and 1590496.
32
What is the highest common divisor of 52673253 and 20001?
177
Calculate the greatest common factor of 208 and 20423848.
8
What is the highest common factor of 9 and 148077387?
9
Calculate the greatest common factor of 27052 and 14112.
4
What is the greatest common divisor of 318 and 10?
2
What is the greatest common divisor of 88 and 149727402?
22
What is the highest common divisor of 40313 and 134953?
91
Calculate the highest common divisor of 1042090 and 350.
70
What is the highest common divisor of 2 and 90145606?
2
What is the highest common divisor of 489982 and 376172?
1198
Calculate the highest common factor of 14 and 113658881.
7
Calculate the highest common divisor of 1305481 and 1873.
1873
What is the highest common divisor of 228 and 1931384?
4
What is the highest common divisor of 80 and 13551088?
16
Calculate the highest common divisor of 2192 and 2071166.
274
What is the greatest common factor of 1814768 and 54944?
1616
Calculate the greatest common divisor of 892472 and 504.
56
Calculate the greatest common factor of 29836853 and 11832.
493
What is the greatest common divisor of 8911104 and 214512?
1968
Calculate the greatest common factor of 152 and 1916492.
76
What is the greatest common factor of 3132 and 537017418?
1566
Calculate the highest common divisor of 713089 and 2938.
13
Calculate the highest common factor of 2026328 and 468746.
2102
Calculate the highest common divisor of 97428 and 2484.
276
What is the greatest common factor of 30016 and 1427167?
469
Calculate the highest common divisor of 8811